*m. Is h a prime number?
False
Suppose -54*a - 93*a = -7880523. Is a composite?
False
Let m be ((-49)/14 - -4)/(1/(-48)). Is (m/(-18))/((-48)/(-3204)) composite?
False
Let k = 443 + -105. Suppose -k - 42 = 4*n. Is (-132725)/n + 8/(-76) a prime number?
False
Let o(c) = -49*c + 14. Let a(z) be the third derivative of z**4/24 - z**3/6 + 10*z**2. Let y(f) = 6*a(f) + o(f). Is y(-9) a prime number?
False
Suppose -1974 = 4*y - 3*g, -4*g - 602 - 1358 = 4*y. Let v be (9/(-12))/((-3)/y). Let a = 218 + v. Is a prime?
False
Suppose -346080 = 3*g - 11*g. Suppose 6060 = 2*d + m - 11249, -5*d - 5*m = -g. Is d a composite number?
True
Suppose 24 = -7*c + 66. Suppose -3*g + c*g = 4971. Is g a prime number?
True
Suppose 12*h + 29 = -7. Let s(y) = -11*y**3 - y**2 - y + 16. Is s(h) prime?
True
Suppose 15*w - 125236 = 108779. Is w a composite number?
False
Suppose 5*g - 38 = d, -11*d = -13*d + 4. Suppose 26582 + 23330 = g*z. Is z prime?
False
Let d be -7*1 + 5*(-2)/(-10). Let l = d + 6. Suppose l = -6*x + 8*x - 4406. Is x a prime number?
True
Suppose -q + 74*a + 28671 = 70*a, -5*a + 20 = 0. Is q a composite number?
False
Let f be 1 - -3 - 184/(-46). Is (f + 0 - 6)/(2/17903) a composite number?
False
Let o = 24 + -22. Suppose o*l = l - 3*t + 590, -4*t - 2893 = -5*l. Is l a prime number?
False
Let l be 3*1/(-6)*-6. Suppose -l*c + 2*r + 1443 = 0, -2*r = c + r - 481. Is c prime?
False
Let m be -10*((-6276)/(-8) + 2). Is (-126)/(-168) + m/(-4) prime?
False
Is 1382378714/3526 + 4/86 a composite number?
False
Suppose -4*p + q + 208808 = 0, -3*p + 2*q - 775 + 157386 = 0. Is p a prime number?
True
Let q be 4*-434*1458/(-24). Suppose -q = -23*v + 158969. Is v a composite number?
False
Is (-34)/(-476) + 2290874/28 prime?
True
Let y = -381956 - -824395. Is y composite?
False
Let p(r) = 243493*r**2 + 36*r + 76. Is p(-3) a composite number?
True
Let a(f) = 24*f**3 + 2*f**2 - f + 8. Let o be 1/(-2)*(-48)/(-3). Let y be -1*((o - -4) + 1). Is a(y) a composite number?
True
Suppose 5*b - 1080 = 2*r, 0 = -b - r + 68 + 155. Let j = b - 50. Let o = 509 - j. Is o a composite number?
True
Suppose -2*y - 8*j = -3*j + 6364, -4*y + j = 12706. Let t = y + 4832. Is t a composite number?
True
Let v = 872 + 2517. Is v prime?
True
Let k(m) = -m + 73. Let y be k(-24). Let r = 4764 + y. Is r a prime number?
True
Suppose 2*b + 16824 = -2*z, b = -3*z - 9122 - 16106. Let t = -4863 - z. Is t composite?
True
Let g = 58 - 54. Suppose -2*a - 2*r = -g*a + 2064, 3*a - 4*r - 3097 = 0. Is a a composite number?
False
Suppose -477*f + 475*f + 533228 = 4*h, -3*f = -3*h + 399885. Is h a composite number?
False
Let s be ((-141)/4)/(2/(-432)). Let x = -4615 + s. Is x a composite number?
False
Suppose 5*a - 2*f + 0*f - 1029531 = 0, 205909 = a + f. Is 2/8 - (7 + a/(-52)) a composite number?
True
Is ((-95)/38)/((-5)/229778) a composite number?
False
Let m be 44/16 - 3 - (-3513)/4. Suppose 4*n = 2*b + m, n = -4*b - 4*n - 1743. Let a = -232 - b. Is a a prime number?
False
Let x be (-13386)/(-9) + (-4)/(-6). Let q(o) = -5*o**3 + o**2 + 7*o + 7. Let l be q(6). Let a = x + l. Is a a prime number?
False
Let m be -1 + 1 + 0 + 5 + 0. Is 1068 + (m + 0 - 4) a prime number?
True
Let d = 11767 + 7764. Is d a composite number?
False
Let z be 0*-3*(-1)/9 - -12. Suppose z*b - 12 = 10*b. Suppose -b*t = -9*t + 3183. Is t a prime number?
True
Is (-1130067)/(-6)*204/306 a prime number?
False
Let m(g) = g**2 - 8*g + 18. Let q be m(7). Let w(x) = 5*x - 24. Is w(q) prime?
True
Suppose -33393131 + 10203524 = -63*w. Is w a prime number?
True
Suppose -5*j - 10 = 0, -2*u + 7 = -5*u + j. Let w(r) = r**3 + 3*r**2 - 6*r - 14. Let t be w(u). Suppose t*b = -5*b + 8163. Is b prime?
True
Let z(r) = 4*r**3 + 62*r**2 + 8*r - 25. Is z(-13) composite?
True
Is ((-8)/(-12)*-1)/((-44)/206646) composite?
True
Let d be ((-84)/16)/((-3)/4) - 4. Is (1/d)/((-509740)/169914 + 3) prime?
True
Suppose -4*k - 20*z = -15*z - 3761276, -4*k + 3761276 = -15*z. Is k prime?
True
Let l(n) = -1818*n - 34. Let f be l(-2). Suppose -f = 8*m - 10*m. Is m a prime number?
True
Suppose 39*y + 66161 = 245366. Suppose -23036 + y = -27*l. Is l composite?
False
Is ((-143905)/10)/(-8 - (-30)/4) composite?
True
Is (260076 + (-7 - -8))/1 a composite number?
True
Suppose -g = -10*i + 6*i - 373457, -7*g + 3*i + 2614424 = 0. Is g a prime number?
False
Suppose 4*x - 28 = -2*b, -15 - 2 = -3*b - x. Let v(c) = -1 - 1 - b*c**3 - c**2 - 12*c - 2 + 4*c**2. Is v(-5) composite?
False
Let r be 16/(-40) + 177/5. Let d = 167 + -146. Let m = r - d. Is m a prime number?
False
Let k(u) = -u + 12. Let l be k(9). Suppose -3*r + 4*d - 879 = -2360, -2*r + l*d + 988 = 0. Is r a prime number?
True
Let c(m) = 6*m - 55. Suppose 10 = w - 0. Let j be c(w). Suppose -o - 6*v = -v - 1523, 4*v + 7731 = j*o. Is o prime?
True
Let t = 713228 + -507942. Is t prime?
False
Let i(m) = 0 - 16 - m + 3*m - 3*m. Let x be i(-16). Is (3 - x)/(-1) - (-180)/1 a composite number?
True
Let v(c) be the third derivative of 7*c**6/40 - c**5/3 + 3*c**4/4 + 2*c**3/3 + 181*c**2. Is v(7) composite?
False
Let z = -193904 - -527157. Is z composite?
False
Suppose d + 30 = -5*h + 10, d - h = 4. Suppose 3*a - 678 - 1713 = d. Is a a composite number?
False
Let o(r) = 204*r**3 + 16*r**2 + 4*r - 19. Is o(5) a composite number?
True
Let r(b) = -b - 1. Let l(m) = -6*m - 9. Let x(s) = -l(s) + 4*r(s). Let f be x(-10). Is ((-820)/(-12) - -6)/((-1)/f) a prime number?
False
Suppose 353*s + 65051 = 360*s. Is s a prime number?
True
Suppose -6*r + 7017 = -9981. Is r a composite number?
False
Suppose 0 = -5*r + 3*q + 764914, 4*q + 231030 = 3*r - 227925. Is r a composite number?
False
Let v(s) = 2*s**2 - 114*s - 73. Is v(-32) prime?
True
Suppose -4*w + 2*j = -251744, w - 20031 = 3*j + 42895. Is w a prime number?
False
Let f(c) = -10*c**3 - 10*c**2 - 9*c - 11. Let d be f(10). Let a = d - -6391. Let m = a + 6655. Is m composite?
True
Let x be 66/44*(-8)/(-3). Suppose x*w - 1411 = 5*y - 6*y, 4*w = 3*y - 4185. Is y a prime number?
True
Let s = 3 - 4. Suppose 16*x + 222 = -2*x - 66. Is 8/x*(-185 + s) prime?
False
Suppose -4*f - 16 = 0, 0*f = 5*p - 4*f - 113751. Let a = -8984 + p. Is a a composite number?
False
Suppose 0 = 3*s - 4*h + 2, -3*s + h + 3 = -1. Let o be -2*s/4*-5. Suppose -4*r = -o*l + 2*l - 3640, 0 = -4*r + 2*l + 3636. Is r composite?
False
Let r = 193586 + -40288. Is r composite?
True
Let w(z) = 1483*z**2 + 7*z - 19. Suppose 25*h - 19*h = 18. Is w(h) a prime number?
False
Let o(u) = 6*u + 4. Let p be o(3). Suppose -d = -5*i - p, -4*d = d - 10. Is (-7898)/i + (1 - 5/2) a prime number?
True
Let m be 2/9 - (-352194)/(-27). Let o = m + 3486. Let n = -6751 - o. Is n composite?
True
Let l = 846 + -838. Suppose l*y - 3*y = -r + 51500, -30913 = -3*y + 2*r. Is y composite?
False
Is -1066643*(6 + -10)/(10 + -6) a composite number?
False
Let v(h) = -3*h**2 - 23*h - 4. Let t be v(-9). Let l = -32 - t. Suppose l*g - 161 = 7*g. Is g prime?
False
Suppose 3*u - u + u - 770901 = 0. Is u a prime number?
True
Suppose -6 = 14*b + 22. Let x be (b/4)/(2/(-8)) - -1. Suppose 4*c - 3726 = -3*f + 3713, x*c + 9877 = 4*f. Is f prime?
True
Suppose a = 2*a - 2*i - 283, -a + 268 = i. Suppose 5*k - 4*y - 259 = -y, -5*k - 4*y = -a. Is k*14 + (-24)/8 a composite number?
False
Let b(h) = h**2 + 3*h**2 - 12 - 3*h + 2*h**2. Let t(u) = u**3 + u**2 - 4*u - 1. Let m be t(-3). Is b(m) prime?
False
Let d(z) = -284*z + 875. Is d(-6) a prime number?
True
Is ((-250)/(-20))/((-10)/(-2)) + 533148/24 composite?
True
Suppose -2949658 = 1593*h - 1616*h. Is h a composite number?
True
Let f = 25227 - -11450. Is f composite?
False
Let n = -34144 + 53145. Is n prime?
True
Let k(a) = 888*a**2 + 230*a - 15. Is k(-11) prime?
False
Let n be -4 + (-5 + 0)/5. Let p(c) = 136*c**2 + 3*c - 7. Let g be p(n). Let r = g + -2369. Is r a composite number?
False
Suppose -23*t = -21*t + 2. Let z(v) = 4679*v**2 + 2*v. Let k be z(t). Let i = k + -2830. Is i a prime number?
True
Let y(d) = -d**3 - 7*d**2 + 7*d - 11. Let u be y(-8). Let m be (-3)/9*3 - u. Is (-6402)/(-15) + m/10 a composite number?
True
Let p = 2966 + -485. Suppose p = k - 468. Is k prime?
False
Let w(l) = 26*l**3 + 16*l**2 - l + 42. Let y(n) = -9*n**3 - 5*n**2 + n - 14. Let g(s) = -4*w(s) - 11*y(s). Is g(-9) a prime number?
False
Let c = 66 - 6. Suppose 